 by 9.
8
Let i = -48 + 38. Let n be 6/(3 - (-26)/i). Let c = n + 3. Calculate the remainder when c is divided by 11.
7
Let z = 129 - 266. Let t = z + 145. Calculate the remainder when (1 + -2)/(1/(-17)) is divided by t.
1
Suppose -25*l + 17806 = 26*l + 7*l. What is the remainder when l is divided by 154?
153
Suppose 181*t = 140290 + 148767. Calculate the remainder when t is divided by 59.
4
Calculate the remainder when (-119)/(-68) - (-29139)/12 - 9 is divided by 12.
9
Let k = 67 - 8. Let i = -10159 + 10179. What is the remainder when k is divided by i?
19
Let s(o) be the third derivative of -o**6/120 - o**5/3 + 19*o**4/24 - 25*o**3/6 + 17*o**2. Calculate the remainder when 84 is divided by s(-21).
16
Let j = -9009 - -9015. Calculate the remainder when 1269 is divided by j.
3
Suppose -c + 11 - 8 = 0. Let f(p) = 12*p**2 - 8*p - 4. Let m be f(c). Suppose 75*j - m*j = -150. Calculate the remainder when j is divided by 15.
0
Let k(s) = -s**2 - 7*s + 39. Let m(b) = b**3 + 2*b**2 + b + 3. Let a be m(-3). Let p(l) = -l**2 + l + 81. What is the remainder when p(0) is divided by k(a)?
18
Suppose -5*c = -6*z + z + 25, 0 = 2*c + 6. Suppose -186 = -z*k + 10*n - 12*n, 4*k - n = 397. Calculate the remainder when k is divided by 34.
30
Let j = -4054 - -4129. Calculate the remainder when 1189 is divided by j.
64
Suppose -176*n = -173*n + 3*f - 192, 2*f = 0. What is the remainder when 572 is divided by n?
60
Suppose -8*a + 22 = -6*a. Calculate the remainder when 4616/64 - ((-21)/24 - -1) is divided by a.
6
Let p(y) be the third derivative of -41*y**4/12 - 403*y**3/6 + 44*y**2 + 3*y. Suppose 7*o - 3*o - 72 = 0. What is the remainder when o is divided by p(-5)?
4
Suppose 5*i + 3*o - 218 = 0, 0 = -5*o - 0 + 5. Suppose 0 = a + 2*s - 140, -3*a - s + 396 = s. Calculate the remainder when a is divided by i.
42
Suppose 0 = -24*k + 7883 + 9133. Suppose 0 = 4*x - 119 - k. What is the remainder when x is divided by 35?
32
Suppose 4*g = -5 - 27. Let y(t) = -t**2 - 6*t + 40. Let x be y(g). Suppose -l + 2*m = -x, 18 = -3*l + 4*l + 4*m. What is the remainder when 58 is divided by l?
14
Let z(h) = -19*h + 479. Calculate the remainder when z(-30) is divided by 11.
4
Suppose 4*h = -5*h + 18. Suppose -12*f + 490 = -h*f. Suppose -f = -j + 34. Calculate the remainder when j is divided by 17.
15
Let x = 394 + -346. Suppose 71*a - 65*a = x. What is the remainder when 110 is divided by a?
6
What is the remainder when ((-4564)/140 + 2/(-5))*-6 is divided by 10?
8
Let h(v) = 197*v - 22. Let q be h(5). Let p = q - 614. What is the remainder when p is divided by 50?
49
Suppose 1955 - 2010 = -5*l. Calculate the remainder when 66 is divided by l.
0
Let h = -204 + 347. Suppose 5*s - 2*q = h, s - 43 = 2*q - 16. Calculate the remainder when 199 is divided by s.
25
Let h be 2/4 - ((-21)/(-2))/(-7). Calculate the remainder when 55 is divided by (21/(-12))/(h/(-16)).
13
Suppose 49*n - 2613 = -408. What is the remainder when n is divided by ((-525)/50)/(1/(-2))?
3
Suppose 1468*j + i - 168 = 1466*j, 0 = 3*j + 5*i - 266. Let o be 2*(27/(-6))/(-3). Suppose -o*v + 112 = v. Calculate the remainder when j is divided by v.
26
Let b = 1343 - 1295. Suppose -3*u + 11 = -4. Calculate the remainder when b is divided by u.
3
Suppose -559*o + 568*o - 7686 = 0. What is the remainder when o is divided by 19?
18
Suppose 0 = k - o - 606 + 109, 5*k = -5*o + 2435. What is the remainder when k is divided by 173?
146
Let g = -5 + 28. Let u = -127 - -331. Let h = 245 - u. Calculate the remainder when h is divided by g.
18
Let y = 4230 - 4195. What is the remainder when 272 is divided by y?
27
Let h = -3708 - -3872. Calculate the remainder when 979 is divided by h.
159
Let z(a) = 3*a - 19. Let r be z(5). Let m be (26/(-3))/(84/(-18) - r). Suppose -2*v = -3*v + m. Calculate the remainder when 23 is divided by v.
10
Let r(k) = k**2 + 86*k - 2293. What is the remainder when r(-108) is divided by 0 - -4 - 3/(-3)?
3
Suppose 3*o - 73 = 4*u, 6*o + 2*u - 87 = o. Let t(a) = 13*a**2 + 2*a + 2. Calculate the remainder when o is divided by t(-1).
6
Suppose 13*h - 309 = 1602. Suppose 11*u - 149 + 39 = 0. Calculate the remainder when h is divided by u.
7
Let m(j) = 2*j**2 + 4*j + 1. Let z(c) = 2*c**2 + 66*c + 320. Calculate the remainder when z(-28) is divided by m(-5).
9
Suppose 3*m = 3*z - 0*z - 3, z = -5*m + 19. Suppose m*t - 5 = 58. What is the remainder when 35 is divided by 28/t*((-81)/6)/(-1)?
17
Calculate the remainder when (36/4 - 9) + 656 is divided by 67.
53
Let t(k) = 15*k**2 - 61*k + 21. Calculate the remainder when 8599 is divided by t(4).
14
Suppose 4*v = 2*b - 401 + 2215, 6*b - 434 = -v. What is the remainder when v is divided by 158?
136
Let z = -27 + 49. Calculate the remainder when (-1900)/(-45) - (7 - 305/45) is divided by z.
20
Let x(o) = 108*o + 36. Let y be x(7). Suppose 0 = -24*r + y + 408. Calculate the remainder when r is divided by 43.
7
Let q = 78 - -46. Let h = 3666 + -3667. What is the remainder when 94 is divided by h/2 - (-1 + q/(-8))?
14
Let x = 5281 + -3690. Calculate the remainder when x is divided by 59.
57
Let r(f) = f**3 + 3*f**2 - 12*f + 70. Calculate the remainder when 875 is divided by r(-5).
75
Let l be 248 + (-20)/5*-1. Suppose -38*r + l = -10*r. What is the remainder when 114 is divided by r?
6
What is the remainder when 58 is divided by (-4 + 3 + 0 + 3)*(-31)/(-2)?
27
Suppose -c + 26 + 6 = 0. Let b(j) = 55*j - 92. Let x be b(7). Let d = x + -281. Calculate the remainder when c is divided by d.
8
Suppose -124*a - 28*a + 6*a + 3358 = 0. What is the remainder when 1742 is divided by a?
17
Let n = -2010 - -2051. Calculate the remainder when 871 is divided by n.
10
Let r(y) = 2*y**2 - 53*y + 24. Suppose -61 = -2*i + 11. Suppose i = -0*m + 2*m. What is the remainder when r(27) is divided by m?
15
Let q(k) = -k**3 - 6*k**2 - 55*k - 11. Calculate the remainder when q(-16) is divided by 73.
71
Suppose -98 + 8 = 3*s. Let g = -17 - s. What is the remainder when 206 is divided by g?
11
Calculate the remainder when (-1670795)/(-2100) + (-2)/(-15) + (-2)/(-8) is divided by 50.
46
Let t = -48 + 73. Suppose -6*l = 82 + 110. Let v = l + 46. What is the remainder when t is divided by v?
11
Let j(a) = 1564*a + 1445. Let f(v) = 68*v + 63. Let y(g) = 68*f(g) - 3*j(g). Calculate the remainder when y(-2) is divided by 28.
1
What is the remainder when 18/(-3) + (-10)/(-25) + (-1283)/(-5) is divided by 69?
44
Suppose -26 = 3*u - b, -5*u + 3*b + 2*b - 50 = 0. Let i(z) = z**2 - 11*z + 7. Calculate the remainder when i(u) is divided by 9.
6
Let d(q) = q**2 + 5*q + 26. Let l be d(-12). Suppose 8*z - l - 658 = 0. What is the remainder when z is divided by 42?
12
Let i(q) = 37*q - 297. Suppose -15*a + 19 = -14*a. What is the remainder when i(11) is divided by a?
15
Let i be (3 - 1)*-18*(-60)/9. Suppose -120*c = -110*c - i. What is the remainder when 383 is divided by c?
23
Suppose -220 = 10*b - 2090. Suppose 7*a = 8*a - 4*j - b, 3*a - 529 = 4*j. What is the remainder when a is divided by 60?
51
What is the remainder when 442 is divided by (24 - 21)*(62/12)/((-2)/(-4))?
8
What is the remainder when 611 is divided by -660*(7 - 60*(-7)/(-56))?
281
Let p(v) = 45*v**2 + 12*v - 11. Let w(r) = r**2 + 8*r + 8. What is the remainder when w(8) is divided by p(1)?
44
Let u(r) be the first derivative of r**3/6 + 87*r**2/2 - 3*r + 9. Let b(h) be the first derivative of u(h). Calculate the remainder when b(0) is divided by 18.
15
Suppose 0 = 73*d - 18060 - 125604. What is the remainder when d is divided by 14?
8
Suppose 79*n + 30*n - 36*n = 1387. Calculate the remainder when 34 is divided by n.
15
Let c(l) = 3*l + 25. Let s be c(10). Let n = s + -24. Suppose 5*q - n = -6. What is the remainder when 17 is divided by q?
2
Suppose -4*d + 1297 = -3*c, 2*d - d - 5*c = 303. Suppose i - d = -7*i. What is the remainder when (-11)/(-33) + i/3 is divided by 7?
0
Let i(p) = 23*p**2 + 2*p - 5. Let x(v) = 22*v**2 + 2*v - 6. Let m(u) = 7*i(u) - 6*x(u). Calculate the remainder when m(-1) is divided by 18.
10
Suppose -4*n + 7*f + 3932 + 13511 = 0, 5*f = -4*n + 17383. What is the remainder when n is divided by 65?
62
Suppose -1 = q - 11. Let g be (0 - 13) + (-1260)/(-63). Let t = g + q. Calculate the remainder when 66 is divided by t.
15
Suppose